{"id":3469,"date":"2017-06-08T10:27:51","date_gmt":"2017-06-08T08:27:51","guid":{"rendered":"https:\/\/nolimit-aventure.com\/digny\/?page_id=3469"},"modified":"2017-07-24T18:21:35","modified_gmt":"2017-07-24T16:21:35","slug":"team-building-olympiades","status":"publish","type":"page","link":"https:\/\/nolimit-aventure.com\/digny\/team-building-olympiades\/","title":{"rendered":"Team building et Olympiades"},"content":{"rendered":"<div id=\"pl-3469\"  class=\"panel-layout\" ><div id=\"pg-3469-0\"  class=\"panel-grid panel-no-style\" ><div id=\"pgc-3469-0-0\"  class=\"panel-grid-cell\" ><div id=\"panel-3469-0-0-0\" class=\"so-panel widget widget_sow-editor panel-first-child panel-last-child\" data-index=\"0\" ><div\n\t\t\t\n\t\t\tclass=\"so-widget-sow-editor so-widget-sow-editor-base\"\n\t\t\t\n\t\t>\n<div class=\"siteorigin-widget-tinymce textwidget\">\n\t<p><img loading=\"lazy\" decoding=\"async\" class=\"alignnone size-full wp-image-3472\" src=\"https:\/\/nolimit-aventure.com\/digny\/wp-content\/uploads\/2017\/06\/photo-team-paint-building.jpg\" alt=\"\" width=\"980\" height=\"371\" \/><\/p>\n<p>Le savoir-faire du groupe Nolimit Aventure au service de votre soci\u00e9t\u00e9.<\/p>\n<p>Saurez-vous relever tous les d\u00e9fis de ce challenge s\u00fbr-vitamin\u00e9 ! Il faudra \u00e0 vos collaborateurs, exprimer toute leur fougue, une grande coh\u00e9sion d\u2019\u00e9quipe et faire ressortir ces valeurs ch\u00e8res \u00e0 toutes entreprises.<\/p>\n<p>Constitu\u00e9es en amont par vos soins ou par l\u2019\u00e9quipe Nolimit, les \u00e9quipes recevront un road book personnalis\u00e9 \u00e0 votre enseigne ; il leur permettra d\u2019\u00e9voluer sur le parc et d\u2019enchainer les d\u00e9fis et animations : chaque r\u00e9ussite entraine le gain d\u2019\u00e9l\u00e9ments facilitant l\u2019acc\u00e8s \u00e0 la premi\u00e8re place, l\u2019inverse \u00e9tant tout \u00e0 fait possible s\u2019ils ne font pas les bons choix !<\/p>\n<p>Une comp\u00e9tition hors normes, dynamique et adapt\u00e9e \u00e0 vous : nous vous proposons un panel de challenge ou nous les cr\u00e9erons afin que ce team-building soit au-del\u00e0 de vos attentes.<\/p>\n<p>Combat de Sumo, Battle d\u2019Archerie, Jenga et Ski g\u00e9ant, Accrobranche, Foot Bulle, Paintball ou Lasergame outdoor\u2026 Voici quelques exemples d\u2019activit\u00e9s servant de base aux \u00e9preuves ludo-sportives de cette journ\u00e9e, comp\u00e9tition source de coh\u00e9sion et de d\u00e9couverte de soi et d\u2019autrui.<\/p>\n<h2>D\u00e9roulement de la journ\u00e9e<\/h2>\n<ul>\n<li>Accueil personnalis\u00e9 avec caf\u00e9 de bienvenue<\/li>\n<li>Briefing de la journ\u00e9e et pr\u00e9sentation du Parc<\/li>\n<li>Chaque \u00e9quipe per\u00e7oit le road book, les bracelets d\u2019identification ainsi que les divers \u00e9l\u00e9ments dont ils auront besoin pour d\u00e9buter<\/li>\n<li>Ouverture du challenge<\/li>\n<li>Une collation accompagnera l\u2019annonce du classement et la remise des r\u00e9compenses.<\/li>\n<\/ul>\n<h2>TARIF :<\/h2>\n<p>Sur une base de 100 participants 60 euros par personne<br \/>\nAfin que nous puissions d\u00e9finir vos besoins et adapter cette journ\u00e9e \u00e0 vos souhaits,<span style=\"color: #ff0000;\">\u00a0<a title=\"Infos &amp; Contact\" href=\"https:\/\/nolimit-aventure.com\/digny\/infos-contact\/\">contacter nous<\/a><\/span><\/p>\n<\/div>\n<\/div><\/div><\/div><\/div><div id=\"pg-3469-1\"  class=\"panel-grid panel-no-style\" ><div id=\"pgc-3469-1-0\"  class=\"panel-grid-cell\" ><div id=\"panel-3469-1-0-0\" class=\"so-panel widget widget_sow-editor panel-first-child panel-last-child\" data-index=\"1\" ><div\n\t\t\t\n\t\t\tclass=\"so-widget-sow-editor so-widget-sow-editor-base\"\n\t\t\t\n\t\t>\n<div class=\"siteorigin-widget-tinymce textwidget\">\n\t<h3 style=\"text-align: center;\"><a class=\"btn  btn-primary  col-xs-12\" href=\"https:\/\/nolimit-aventure.com\/digny\/\" target=\"_self\"> Retour <\/a><\/h3>\n<\/div>\n<\/div><\/div><\/div><\/div><\/div>","protected":false},"excerpt":{"rendered":"<p>Le savoir-faire du groupe Nolimit Aventure au service de votre soci\u00e9t\u00e9. Saurez-vous relever tous les d\u00e9fis de ce challenge s\u00fbr-vitamin\u00e9 ! Il faudra \u00e0 vos collaborateurs, exprimer toute leur fougue, une grande coh\u00e9sion d\u2019\u00e9quipe et faire ressortir ces valeurs ch\u00e8res \u00e0 toutes entreprises. Constitu\u00e9es en amont par vos soins ou par l\u2019\u00e9quipe Nolimit, les \u00e9quipes &hellip;<\/p>\n","protected":false},"author":1,"featured_media":0,"parent":0,"menu_order":0,"comment_status":"closed","ping_status":"closed","template":"","meta":{"_acf_changed":false,"footnotes":""},"class_list":{"0":"post-3469","1":"page","2":"type-page","3":"status-publish","5":"clearfix","6":"article"},"acf":[],"yoast_head":"<!-- This site is optimized with the Yoast SEO plugin v27.5 - https:\/\/yoast.com\/product\/yoast-seo-wordpress\/ -->\n<title>Team building et Olympiades - NoLimit Aventure Digny<\/title>\n<meta name=\"robots\" content=\"index, follow, max-snippet:-1, max-image-preview:large, max-video-preview:-1\" \/>\n<link rel=\"canonical\" href=\"https:\/\/nolimit-aventure.com\/digny\/team-building-olympiades\/\" \/>\n<meta property=\"og:locale\" content=\"fr_FR\" \/>\n<meta property=\"og:type\" content=\"article\" \/>\n<meta property=\"og:title\" content=\"Team building et Olympiades - NoLimit Aventure Digny\" \/>\n<meta property=\"og:description\" content=\"Le savoir-faire du groupe Nolimit Aventure au service de votre soci\u00e9t\u00e9. Saurez-vous relever tous les d\u00e9fis de ce challenge s\u00fbr-vitamin\u00e9 ! Il faudra \u00e0 vos collaborateurs, exprimer toute leur fougue, une grande coh\u00e9sion d\u2019\u00e9quipe et faire ressortir ces valeurs ch\u00e8res \u00e0 toutes entreprises. Constitu\u00e9es en amont par vos soins ou par l\u2019\u00e9quipe Nolimit, les \u00e9quipes &hellip;\" \/>\n<meta property=\"og:url\" content=\"https:\/\/nolimit-aventure.com\/digny\/team-building-olympiades\/\" \/>\n<meta property=\"og:site_name\" content=\"NoLimit Aventure Digny\" \/>\n<meta property=\"article:modified_time\" content=\"2017-07-24T16:21:35+00:00\" \/>\n<meta property=\"og:image\" content=\"https:\/\/nolimit-aventure.com\/digny\/wp-content\/uploads\/2017\/06\/photo-team-paint-building.jpg\" \/>\n<meta name=\"twitter:card\" content=\"summary_large_image\" \/>\n<meta name=\"twitter:label1\" content=\"Dur\u00e9e de lecture estim\u00e9e\" \/>\n\t<meta name=\"twitter:data1\" content=\"1 minute\" \/>\n<script type=\"application\/ld+json\" class=\"yoast-schema-graph\">{\"@context\":\"https:\\\/\\\/schema.org\",\"@graph\":[{\"@type\":\"WebPage\",\"@id\":\"https:\\\/\\\/nolimit-aventure.com\\\/digny\\\/team-building-olympiades\\\/\",\"url\":\"https:\\\/\\\/nolimit-aventure.com\\\/digny\\\/team-building-olympiades\\\/\",\"name\":\"Team building et Olympiades - NoLimit Aventure Digny\",\"isPartOf\":{\"@id\":\"https:\\\/\\\/nolimit-aventure.com\\\/digny\\\/#website\"},\"primaryImageOfPage\":{\"@id\":\"https:\\\/\\\/nolimit-aventure.com\\\/digny\\\/team-building-olympiades\\\/#primaryimage\"},\"image\":{\"@id\":\"https:\\\/\\\/nolimit-aventure.com\\\/digny\\\/team-building-olympiades\\\/#primaryimage\"},\"thumbnailUrl\":\"https:\\\/\\\/nolimit-aventure.com\\\/digny\\\/wp-content\\\/uploads\\\/2017\\\/06\\\/photo-team-paint-building.jpg\",\"datePublished\":\"2017-06-08T08:27:51+00:00\",\"dateModified\":\"2017-07-24T16:21:35+00:00\",\"breadcrumb\":{\"@id\":\"https:\\\/\\\/nolimit-aventure.com\\\/digny\\\/team-building-olympiades\\\/#breadcrumb\"},\"inLanguage\":\"fr-FR\",\"potentialAction\":[{\"@type\":\"ReadAction\",\"target\":[\"https:\\\/\\\/nolimit-aventure.com\\\/digny\\\/team-building-olympiades\\\/\"]}]},{\"@type\":\"ImageObject\",\"inLanguage\":\"fr-FR\",\"@id\":\"https:\\\/\\\/nolimit-aventure.com\\\/digny\\\/team-building-olympiades\\\/#primaryimage\",\"url\":\"https:\\\/\\\/nolimit-aventure.com\\\/digny\\\/wp-content\\\/uploads\\\/2017\\\/06\\\/photo-team-paint-building.jpg\",\"contentUrl\":\"https:\\\/\\\/nolimit-aventure.com\\\/digny\\\/wp-content\\\/uploads\\\/2017\\\/06\\\/photo-team-paint-building.jpg\"},{\"@type\":\"BreadcrumbList\",\"@id\":\"https:\\\/\\\/nolimit-aventure.com\\\/digny\\\/team-building-olympiades\\\/#breadcrumb\",\"itemListElement\":[{\"@type\":\"ListItem\",\"position\":1,\"name\":\"Accueil\",\"item\":\"https:\\\/\\\/nolimit-aventure.com\\\/digny\\\/\"},{\"@type\":\"ListItem\",\"position\":2,\"name\":\"Team building et Olympiades\"}]},{\"@type\":\"WebSite\",\"@id\":\"https:\\\/\\\/nolimit-aventure.com\\\/digny\\\/#website\",\"url\":\"https:\\\/\\\/nolimit-aventure.com\\\/digny\\\/\",\"name\":\"NoLimit Aventure Digny\",\"description\":\"\",\"potentialAction\":[{\"@type\":\"SearchAction\",\"target\":{\"@type\":\"EntryPoint\",\"urlTemplate\":\"https:\\\/\\\/nolimit-aventure.com\\\/digny\\\/?s={search_term_string}\"},\"query-input\":{\"@type\":\"PropertyValueSpecification\",\"valueRequired\":true,\"valueName\":\"search_term_string\"}}],\"inLanguage\":\"fr-FR\"}]}<\/script>\n<!-- \/ Yoast SEO plugin. -->","yoast_head_json":{"title":"Team building et Olympiades - NoLimit Aventure Digny","robots":{"index":"index","follow":"follow","max-snippet":"max-snippet:-1","max-image-preview":"max-image-preview:large","max-video-preview":"max-video-preview:-1"},"canonical":"https:\/\/nolimit-aventure.com\/digny\/team-building-olympiades\/","og_locale":"fr_FR","og_type":"article","og_title":"Team building et Olympiades - NoLimit Aventure Digny","og_description":"Le savoir-faire du groupe Nolimit Aventure au service de votre soci\u00e9t\u00e9. Saurez-vous relever tous les d\u00e9fis de ce challenge s\u00fbr-vitamin\u00e9 ! Il faudra \u00e0 vos collaborateurs, exprimer toute leur fougue, une grande coh\u00e9sion d\u2019\u00e9quipe et faire ressortir ces valeurs ch\u00e8res \u00e0 toutes entreprises. Constitu\u00e9es en amont par vos soins ou par l\u2019\u00e9quipe Nolimit, les \u00e9quipes &hellip;","og_url":"https:\/\/nolimit-aventure.com\/digny\/team-building-olympiades\/","og_site_name":"NoLimit Aventure Digny","article_modified_time":"2017-07-24T16:21:35+00:00","og_image":[{"url":"https:\/\/nolimit-aventure.com\/digny\/wp-content\/uploads\/2017\/06\/photo-team-paint-building.jpg","type":"","width":"","height":""}],"twitter_card":"summary_large_image","twitter_misc":{"Dur\u00e9e de lecture estim\u00e9e":"1 minute"},"schema":{"@context":"https:\/\/schema.org","@graph":[{"@type":"WebPage","@id":"https:\/\/nolimit-aventure.com\/digny\/team-building-olympiades\/","url":"https:\/\/nolimit-aventure.com\/digny\/team-building-olympiades\/","name":"Team building et Olympiades - NoLimit Aventure Digny","isPartOf":{"@id":"https:\/\/nolimit-aventure.com\/digny\/#website"},"primaryImageOfPage":{"@id":"https:\/\/nolimit-aventure.com\/digny\/team-building-olympiades\/#primaryimage"},"image":{"@id":"https:\/\/nolimit-aventure.com\/digny\/team-building-olympiades\/#primaryimage"},"thumbnailUrl":"https:\/\/nolimit-aventure.com\/digny\/wp-content\/uploads\/2017\/06\/photo-team-paint-building.jpg","datePublished":"2017-06-08T08:27:51+00:00","dateModified":"2017-07-24T16:21:35+00:00","breadcrumb":{"@id":"https:\/\/nolimit-aventure.com\/digny\/team-building-olympiades\/#breadcrumb"},"inLanguage":"fr-FR","potentialAction":[{"@type":"ReadAction","target":["https:\/\/nolimit-aventure.com\/digny\/team-building-olympiades\/"]}]},{"@type":"ImageObject","inLanguage":"fr-FR","@id":"https:\/\/nolimit-aventure.com\/digny\/team-building-olympiades\/#primaryimage","url":"https:\/\/nolimit-aventure.com\/digny\/wp-content\/uploads\/2017\/06\/photo-team-paint-building.jpg","contentUrl":"https:\/\/nolimit-aventure.com\/digny\/wp-content\/uploads\/2017\/06\/photo-team-paint-building.jpg"},{"@type":"BreadcrumbList","@id":"https:\/\/nolimit-aventure.com\/digny\/team-building-olympiades\/#breadcrumb","itemListElement":[{"@type":"ListItem","position":1,"name":"Accueil","item":"https:\/\/nolimit-aventure.com\/digny\/"},{"@type":"ListItem","position":2,"name":"Team building et Olympiades"}]},{"@type":"WebSite","@id":"https:\/\/nolimit-aventure.com\/digny\/#website","url":"https:\/\/nolimit-aventure.com\/digny\/","name":"NoLimit Aventure Digny","description":"","potentialAction":[{"@type":"SearchAction","target":{"@type":"EntryPoint","urlTemplate":"https:\/\/nolimit-aventure.com\/digny\/?s={search_term_string}"},"query-input":{"@type":"PropertyValueSpecification","valueRequired":true,"valueName":"search_term_string"}}],"inLanguage":"fr-FR"}]}},"_links":{"self":[{"href":"https:\/\/nolimit-aventure.com\/digny\/wp-json\/wp\/v2\/pages\/3469","targetHints":{"allow":["GET"]}}],"collection":[{"href":"https:\/\/nolimit-aventure.com\/digny\/wp-json\/wp\/v2\/pages"}],"about":[{"href":"https:\/\/nolimit-aventure.com\/digny\/wp-json\/wp\/v2\/types\/page"}],"author":[{"embeddable":true,"href":"https:\/\/nolimit-aventure.com\/digny\/wp-json\/wp\/v2\/users\/1"}],"replies":[{"embeddable":true,"href":"https:\/\/nolimit-aventure.com\/digny\/wp-json\/wp\/v2\/comments?post=3469"}],"version-history":[{"count":15,"href":"https:\/\/nolimit-aventure.com\/digny\/wp-json\/wp\/v2\/pages\/3469\/revisions"}],"predecessor-version":[{"id":3794,"href":"https:\/\/nolimit-aventure.com\/digny\/wp-json\/wp\/v2\/pages\/3469\/revisions\/3794"}],"wp:attachment":[{"href":"https:\/\/nolimit-aventure.com\/digny\/wp-json\/wp\/v2\/media?parent=3469"}],"curies":[{"name":"wp","href":"https:\/\/api.w.org\/{rel}","templated":true}]}}