{"id":2026,"date":"2017-05-05T11:35:12","date_gmt":"2017-05-05T09:35:12","guid":{"rendered":"https:\/\/nolimit-aventure.com\/nemours\/?page_id=2026"},"modified":"2024-05-10T17:17:58","modified_gmt":"2024-05-10T15:17:58","slug":"anniversaire-paintball","status":"publish","type":"page","link":"https:\/\/nolimit-aventure.com\/nemours\/nos-formules\/anniversaire-paintball\/","title":{"rendered":"Anniversaire Paintball"},"content":{"rendered":"<div id=\"pl-2026\"  class=\"panel-layout\" ><div id=\"pg-2026-0\"  class=\"panel-grid panel-no-style\" ><div id=\"pgc-2026-0-0\"  class=\"panel-grid-cell panel-grid-cell-empty\" ><\/div><\/div><div id=\"pg-2026-1\"  class=\"panel-grid panel-no-style\" ><div id=\"pgc-2026-1-0\"  class=\"panel-grid-cell\" ><div id=\"panel-2026-1-0-0\" class=\"so-panel widget widget_sow-editor panel-first-child panel-last-child\" data-index=\"0\" ><div\n\t\t\t\n\t\t\tclass=\"so-widget-sow-editor so-widget-sow-editor-base\"\n\t\t\t\n\t\t>\n<div class=\"siteorigin-widget-tinymce textwidget\">\n\t<h2>Une formule pour les 12\/16 ans<span style=\"color: #2e3b4e; font-weight: 300;\"><\/span><\/h2>\n<\/div>\n<\/div><\/div><\/div><\/div><div id=\"pg-2026-2\"  class=\"panel-grid panel-no-style\" ><div id=\"pgc-2026-2-0\"  class=\"panel-grid-cell\" ><div id=\"panel-2026-2-0-0\" class=\"so-panel widget widget_sow-editor panel-first-child panel-last-child\" data-index=\"1\" ><div\n\t\t\t\n\t\t\tclass=\"so-widget-sow-editor so-widget-sow-editor-base\"\n\t\t\t\n\t\t><h3 class=\"widget-title\"><span class=\"widget-title__inline\">;<\/span><\/h3>\n<div class=\"siteorigin-widget-tinymce textwidget\">\n\t<p>Rien de tel qu\u2019un jeu de coh\u00e9sion plein de d\u00e9charges d\u2019\u00e9nergie pour f\u00eater l\u2019anniversaire de votre adolescent. Ils vont devoir compter les uns sur les autres pour se sortir des situations d\u00e9licates offertes par les diff\u00e9rents univers possibles d'un anniversaire paintball. Pour r\u00e9cup\u00e9rer apr\u00e8s tant d\u2019intensit\u00e9, les calories du go\u00fbter d\u2019anniversaire seront les bienvenues.<\/p>\n<p><span style=\"color: #003366;\"><em><strong>Exemple de journ\u00e9e Anniversaire Paintball :<\/strong><\/em><\/span><\/p>\n<p style=\"font-size: 16px;\"><span style=\"color: #2e3b4e;\"><span class=\"icon-container\"><span class=\"fa  fa-long-arrow-right\" style=\"color:#ff7240;\"><\/span><\/span> \u00a0\u00a0<span style=\"color: #eb700f;\"><strong>14h00 - 16h00<\/strong><\/span> -\u00a0<strong>Paintball<\/strong><\/span><\/p>\n<p style=\"font-size: 16px;\"><span style=\"color: #2e3b4e;\"><span class=\"icon-container\"><span class=\"fa  fa-long-arrow-right\" style=\"color:#ff7240;\"><\/span><\/span> \u00a0\u00a0<span style=\"color: #eb700f;\"><strong>16h00 - 17h00<\/strong><\/span>\u00a0- <strong>Aire de go\u00fbter<\/strong><\/span><\/p>\n<\/div>\n<\/div><\/div><\/div><div id=\"pgc-2026-2-1\"  class=\"panel-grid-cell\" ><div id=\"panel-2026-2-1-0\" class=\"so-panel widget widget_sow-editor panel-first-child panel-last-child\" data-index=\"2\" ><div class=\"panel-widget-style panel-widget-style-for-2026-2-1-0\" ><div\n\t\t\t\n\t\t\tclass=\"so-widget-sow-editor so-widget-sow-editor-base\"\n\t\t\t\n\t\t>\n<div class=\"siteorigin-widget-tinymce textwidget\">\n\t<div id='gallery-1' class='gallery galleryid-2026 gallery-columns-2 gallery-size-large'><figure class='gallery-item'>\n\t\t\t<div class='gallery-icon portrait'>\n\t\t\t\t<a href='https:\/\/nolimit-aventure.com\/nemours\/nos-formules\/anniversaire-paintball\/paintball-12-ans\/'><img loading=\"lazy\" decoding=\"async\" width=\"600\" height=\"900\" src=\"https:\/\/nolimit-aventure.com\/nemours\/wp-content\/uploads\/2017\/05\/paintball-12-ans.jpg\" class=\"attachment-large size-large\" alt=\"\" srcset=\"https:\/\/nolimit-aventure.com\/nemours\/wp-content\/uploads\/2017\/05\/paintball-12-ans.jpg 600w, https:\/\/nolimit-aventure.com\/nemours\/wp-content\/uploads\/2017\/05\/paintball-12-ans-200x300.jpg 200w\" sizes=\"auto, (max-width: 600px) 100vw, 600px\" \/><\/a>\n\t\t\t<\/div><\/figure><figure class='gallery-item'>\n\t\t\t<div class='gallery-icon portrait'>\n\t\t\t\t<a href='https:\/\/nolimit-aventure.com\/nemours\/nos-formules\/anniversaire-paintball\/anniversaire-paintball-3\/'><img loading=\"lazy\" decoding=\"async\" width=\"600\" height=\"900\" src=\"https:\/\/nolimit-aventure.com\/nemours\/wp-content\/uploads\/2017\/05\/anniversaire-paintball-1.jpg\" class=\"attachment-large size-large\" alt=\"\" srcset=\"https:\/\/nolimit-aventure.com\/nemours\/wp-content\/uploads\/2017\/05\/anniversaire-paintball-1.jpg 600w, https:\/\/nolimit-aventure.com\/nemours\/wp-content\/uploads\/2017\/05\/anniversaire-paintball-1-200x300.jpg 200w\" sizes=\"auto, (max-width: 600px) 100vw, 600px\" \/><\/a>\n\t\t\t<\/div><\/figure>\n\t\t<\/div>\n\n<\/div>\n<\/div><\/div><\/div><\/div><\/div><div id=\"pg-2026-3\"  class=\"panel-grid panel-no-style\" ><div id=\"pgc-2026-3-0\"  class=\"panel-grid-cell\" ><div id=\"panel-2026-3-0-0\" class=\"so-panel widget widget_pw_call_to_action widget-call-to-action panel-first-child panel-last-child\" data-index=\"3\" ><div class=\"panel-widget-style panel-widget-style-for-2026-3-0-0\" >\t\t\t\t<div class=\"call-to-action\">\n\t\t\t\t\t<div class=\"call-to-action__text\">\n\t\t\t\t\t\t<h2 class=\"call-to-action__title\">\n\t\t\t\t\t\t\t25 \u20ac par enfant\t\t\t\t\t\t<\/h2>\n\t\t\t\t\t\t\t\t\t\t\t<\/div>\n\t\t\t\t\t<div class=\"call-to-action__button\">\n\t\t\t\t\t\t<a class=\"btn  btn-outline-light\" href=\"https:\/\/nolimit-aventure.qweekle.com\/shop\/nolimit-aventure-nemours\/paintball\/anniversaire-paintball-12-a-16-ans?lang=fr\" target=\"_self\"> R\u00e9server<\/a>\t\t\t\t\t<\/div>\n\t\t\t\t<\/div>\n\t\t\t<\/div><\/div><\/div><\/div><div id=\"pg-2026-4\"  class=\"panel-grid panel-has-style\" ><div class=\"panel-row-style panel-row-style-for-2026-4\" ><div id=\"pgc-2026-4-0\"  class=\"panel-grid-cell\" ><div id=\"panel-2026-4-0-0\" class=\"so-panel widget widget_pw_special_title widget-special-title panel-first-child panel-last-child\" data-index=\"4\" >\t\t\t<h2 class=\"special-title\">\n\t\t\t\tINCLUS\t\t\t<\/h2>\n\t\t<\/div><\/div><\/div><\/div><div id=\"pg-2026-5\"  class=\"panel-grid panel-no-style\" ><div id=\"pgc-2026-5-0\"  class=\"panel-grid-cell\" ><div id=\"panel-2026-5-0-0\" class=\"so-panel widget widget_sow-editor panel-first-child panel-last-child\" data-index=\"5\" ><div class=\"panel-widget-style panel-widget-style-for-2026-5-0-0\" ><div\n\t\t\t\n\t\t\tclass=\"so-widget-sow-editor so-widget-sow-editor-base\"\n\t\t\t\n\t\t>\n<div class=\"siteorigin-widget-tinymce textwidget\">\n\t<h4><span style=\"color: #eb700f;\"><img loading=\"lazy\" decoding=\"async\" class=\"alignnone wp-image-2297\" src=\"https:\/\/nolimit-aventure.com\/nemours\/wp-content\/uploads\/2017\/05\/inclus.png\" alt=\"\" width=\"39\" height=\"39\" srcset=\"https:\/\/nolimit-aventure.com\/nemours\/wp-content\/uploads\/2017\/05\/inclus.png 246w, https:\/\/nolimit-aventure.com\/nemours\/wp-content\/uploads\/2017\/05\/inclus-150x150.png 150w, https:\/\/nolimit-aventure.com\/nemours\/wp-content\/uploads\/2017\/05\/inclus-180x180.png 180w\" sizes=\"auto, (max-width: 39px) 100vw, 39px\" \/>\u00a0Paintball<\/span><\/h4>\n<p><img loading=\"lazy\" decoding=\"async\" class=\"wp-image-2377 size-medium aligncenter\" src=\"https:\/\/nolimit-aventure.com\/nemours\/wp-content\/uploads\/2017\/05\/pock-paintball-300x150.jpg\" alt=\"\" width=\"300\" height=\"150\" srcset=\"https:\/\/nolimit-aventure.com\/nemours\/wp-content\/uploads\/2017\/05\/pock-paintball-300x150.jpg 300w, https:\/\/nolimit-aventure.com\/nemours\/wp-content\/uploads\/2017\/05\/pock-paintball-768x384.jpg 768w, https:\/\/nolimit-aventure.com\/nemours\/wp-content\/uploads\/2017\/05\/pock-paintball.jpg 861w\" sizes=\"auto, (max-width: 300px) 100vw, 300px\" \/><\/p>\n<div class=\"t pg-1m0 pg-1x0 pg-1h4 pg-1yf pg-1ff2 pg-1fs1 pg-1fc1 pg-1sc0 pg-1ls0 pg-1ws0\">Acc<span class=\"pg-1ff3\">\u00e8<\/span>s aux huit terrains de paintball pour six parties en deux heures et tout l'<span class=\"pg-1ff3\">\u00e9<\/span>quipement<\/div>\n<div class=\"t pg-1m0 pg-1x0 pg-1h4 pg-1y10 pg-1ff2 pg-1fs1 pg-1fc1 pg-1sc0 pg-1ls0 pg-1ws0\">n<span class=\"pg-1ff3\">\u00e9<\/span>cessaire.<\/div>\n<\/div>\n<\/div><\/div><\/div><\/div><div id=\"pgc-2026-5-1\"  class=\"panel-grid-cell\" ><div id=\"panel-2026-5-1-0\" class=\"so-panel widget widget_sow-editor panel-first-child panel-last-child\" data-index=\"6\" ><div class=\"panel-widget-style panel-widget-style-for-2026-5-1-0\" ><div\n\t\t\t\n\t\t\tclass=\"so-widget-sow-editor so-widget-sow-editor-base\"\n\t\t\t\n\t\t>\n<div class=\"siteorigin-widget-tinymce textwidget\">\n\t<h4><span style=\"color: #eb700f;\"><img loading=\"lazy\" decoding=\"async\" class=\"alignnone wp-image-2297\" src=\"https:\/\/nolimit-aventure.com\/nemours\/wp-content\/uploads\/2017\/05\/inclus.png\" alt=\"\" width=\"39\" height=\"39\" srcset=\"https:\/\/nolimit-aventure.com\/nemours\/wp-content\/uploads\/2017\/05\/inclus.png 246w, https:\/\/nolimit-aventure.com\/nemours\/wp-content\/uploads\/2017\/05\/inclus-150x150.png 150w, https:\/\/nolimit-aventure.com\/nemours\/wp-content\/uploads\/2017\/05\/inclus-180x180.png 180w\" sizes=\"auto, (max-width: 39px) 100vw, 39px\" \/>\u00a0Aire de go\u00fbter<\/span><\/h4>\n<p><img loading=\"lazy\" decoding=\"async\" class=\"wp-image-2379 size-medium aligncenter\" src=\"https:\/\/nolimit-aventure.com\/nemours\/wp-content\/uploads\/2017\/05\/aniversaire-paintball-300x150.jpg\" alt=\"\" width=\"300\" height=\"150\" srcset=\"https:\/\/nolimit-aventure.com\/nemours\/wp-content\/uploads\/2017\/05\/aniversaire-paintball-300x150.jpg 300w, https:\/\/nolimit-aventure.com\/nemours\/wp-content\/uploads\/2017\/05\/aniversaire-paintball-768x384.jpg 768w, https:\/\/nolimit-aventure.com\/nemours\/wp-content\/uploads\/2017\/05\/aniversaire-paintball.jpg 861w\" sizes=\"auto, (max-width: 300px) 100vw, 300px\" \/><\/p>\n<div class=\"t pg-2m0 pg-2x0 pg-2h4 pg-2y3 pg-2ff3 pg-2fs1 pg-2fc1 pg-2sc0 pg-2ls0 pg-2ws0\">Mise <span class=\"pg-2ff4\">\u00e0<\/span> disposition de notre aire de pique-nique abrit<span class=\"pg-2ff4\">\u00e9<\/span>e pour un festin d\u2019anniversaire<\/div>\n<div class=\"t pg-2m0 pg-2x0 pg-2h4 pg-2y4 pg-2ff3 pg-2fs1 pg-2fc1 pg-2sc0 pg-2ls0 pg-2ws0\">champ<span class=\"pg-2ff4\">\u00ea<\/span>tre.<\/div>\n<\/div>\n<\/div><\/div><\/div><\/div><\/div><div id=\"pg-2026-6\"  class=\"panel-grid panel-no-style\" ><div id=\"pgc-2026-6-0\"  class=\"panel-grid-cell\" ><div id=\"panel-2026-6-0-0\" class=\"so-panel widget widget_sow-editor panel-first-child panel-last-child\" data-index=\"7\" ><div\n\t\t\t\n\t\t\tclass=\"so-widget-sow-editor so-widget-sow-editor-base\"\n\t\t\t\n\t\t>\n<div class=\"siteorigin-widget-tinymce textwidget\">\n\t<hr class=\"hr--dashed\" \/>\n<\/div>\n<\/div><\/div><\/div><\/div><div id=\"pg-2026-7\"  class=\"panel-grid panel-no-style\" ><div id=\"pgc-2026-7-0\"  class=\"panel-grid-cell\" ><div id=\"panel-2026-7-0-0\" class=\"so-panel widget widget_sow-editor panel-first-child\" data-index=\"8\" ><div\n\t\t\t\n\t\t\tclass=\"so-widget-sow-editor so-widget-sow-editor-base\"\n\t\t\t\n\t\t>\n<div class=\"siteorigin-widget-tinymce textwidget\">\n\t<h2>Galerie anniversaire paintball\u00a0<span style=\"color: #2e3b4e; font-weight: 300;\">- Mieux que les jeux vid\u00e9o\u00a0<\/span><\/h2>\n<\/div>\n<\/div><\/div><div id=\"panel-2026-7-0-1\" class=\"so-panel widget widget_sow-editor panel-last-child\" data-index=\"9\" ><div\n\t\t\t\n\t\t\tclass=\"so-widget-sow-editor so-widget-sow-editor-base\"\n\t\t\t\n\t\t>\n<div class=\"siteorigin-widget-tinymce textwidget\">\n\t<div id='gallery-2' class='gallery galleryid-2026 gallery-columns-4 gallery-size-medium'><figure class='gallery-item'>\n\t\t\t<div class='gallery-icon landscape'>\n\t\t\t\t<a href='https:\/\/nolimit-aventure.com\/nemours\/wp-content\/uploads\/2017\/05\/anniversaire-paintball-enfant.jpg'><img loading=\"lazy\" decoding=\"async\" width=\"300\" height=\"200\" src=\"https:\/\/nolimit-aventure.com\/nemours\/wp-content\/uploads\/2017\/05\/anniversaire-paintball-enfant-300x200.jpg\" class=\"attachment-medium size-medium\" alt=\"\" srcset=\"https:\/\/nolimit-aventure.com\/nemours\/wp-content\/uploads\/2017\/05\/anniversaire-paintball-enfant-300x200.jpg 300w, https:\/\/nolimit-aventure.com\/nemours\/wp-content\/uploads\/2017\/05\/anniversaire-paintball-enfant-768x512.jpg 768w, https:\/\/nolimit-aventure.com\/nemours\/wp-content\/uploads\/2017\/05\/anniversaire-paintball-enfant-272x182.jpg 272w, https:\/\/nolimit-aventure.com\/nemours\/wp-content\/uploads\/2017\/05\/anniversaire-paintball-enfant.jpg 900w\" sizes=\"auto, (max-width: 300px) 100vw, 300px\" \/><\/a>\n\t\t\t<\/div><\/figure><figure class='gallery-item'>\n\t\t\t<div class='gallery-icon landscape'>\n\t\t\t\t<a href='https:\/\/nolimit-aventure.com\/nemours\/wp-content\/uploads\/2017\/05\/briefing-paintball-enfant.jpg'><img loading=\"lazy\" decoding=\"async\" width=\"300\" height=\"200\" src=\"https:\/\/nolimit-aventure.com\/nemours\/wp-content\/uploads\/2017\/05\/briefing-paintball-enfant-300x200.jpg\" class=\"attachment-medium size-medium\" alt=\"\" srcset=\"https:\/\/nolimit-aventure.com\/nemours\/wp-content\/uploads\/2017\/05\/briefing-paintball-enfant-300x200.jpg 300w, https:\/\/nolimit-aventure.com\/nemours\/wp-content\/uploads\/2017\/05\/briefing-paintball-enfant-768x512.jpg 768w, https:\/\/nolimit-aventure.com\/nemours\/wp-content\/uploads\/2017\/05\/briefing-paintball-enfant-272x182.jpg 272w, https:\/\/nolimit-aventure.com\/nemours\/wp-content\/uploads\/2017\/05\/briefing-paintball-enfant.jpg 900w\" sizes=\"auto, (max-width: 300px) 100vw, 300px\" \/><\/a>\n\t\t\t<\/div><\/figure><figure class='gallery-item'>\n\t\t\t<div class='gallery-icon landscape'>\n\t\t\t\t<a href='https:\/\/nolimit-aventure.com\/nemours\/wp-content\/uploads\/2017\/05\/organisation-anniversaire-paintball.jpg'><img loading=\"lazy\" decoding=\"async\" width=\"300\" height=\"200\" src=\"https:\/\/nolimit-aventure.com\/nemours\/wp-content\/uploads\/2017\/05\/organisation-anniversaire-paintball-300x200.jpg\" class=\"attachment-medium size-medium\" alt=\"\" srcset=\"https:\/\/nolimit-aventure.com\/nemours\/wp-content\/uploads\/2017\/05\/organisation-anniversaire-paintball-300x200.jpg 300w, https:\/\/nolimit-aventure.com\/nemours\/wp-content\/uploads\/2017\/05\/organisation-anniversaire-paintball-768x512.jpg 768w, https:\/\/nolimit-aventure.com\/nemours\/wp-content\/uploads\/2017\/05\/organisation-anniversaire-paintball-272x182.jpg 272w, https:\/\/nolimit-aventure.com\/nemours\/wp-content\/uploads\/2017\/05\/organisation-anniversaire-paintball.jpg 900w\" sizes=\"auto, (max-width: 300px) 100vw, 300px\" \/><\/a>\n\t\t\t<\/div><\/figure><figure class='gallery-item'>\n\t\t\t<div class='gallery-icon landscape'>\n\t\t\t\t<a href='https:\/\/nolimit-aventure.com\/nemours\/wp-content\/uploads\/2017\/05\/paintball-enfant-14-ans.jpg'><img loading=\"lazy\" decoding=\"async\" width=\"300\" height=\"200\" src=\"https:\/\/nolimit-aventure.com\/nemours\/wp-content\/uploads\/2017\/05\/paintball-enfant-14-ans-300x200.jpg\" class=\"attachment-medium size-medium\" alt=\"\" srcset=\"https:\/\/nolimit-aventure.com\/nemours\/wp-content\/uploads\/2017\/05\/paintball-enfant-14-ans-300x200.jpg 300w, https:\/\/nolimit-aventure.com\/nemours\/wp-content\/uploads\/2017\/05\/paintball-enfant-14-ans-768x512.jpg 768w, https:\/\/nolimit-aventure.com\/nemours\/wp-content\/uploads\/2017\/05\/paintball-enfant-14-ans-272x182.jpg 272w, https:\/\/nolimit-aventure.com\/nemours\/wp-content\/uploads\/2017\/05\/paintball-enfant-14-ans.jpg 900w\" sizes=\"auto, (max-width: 300px) 100vw, 300px\" \/><\/a>\n\t\t\t<\/div><\/figure>\n\t\t<\/div>\n\n<\/div>\n<\/div><\/div><\/div><\/div><\/div>","protected":false},"excerpt":{"rendered":"<p>Une formule pour les 12\/16 ans<\/p>\n","protected":false},"author":2,"featured_media":8415,"parent":22,"menu_order":0,"comment_status":"closed","ping_status":"closed","template":"","meta":{"_acf_changed":false,"footnotes":""},"class_list":{"0":"post-2026","1":"page","2":"type-page","3":"status-publish","4":"has-post-thumbnail","6":"clearfix","7":"article"},"acf":[],"yoast_head":"<!-- This site is optimized with the Yoast SEO plugin v27.4 - https:\/\/yoast.com\/product\/yoast-seo-wordpress\/ -->\n<title>Anniversaire Paintball - NoLimit Aventure Nemours<\/title>\n<meta name=\"description\" content=\"Rien de tel qu\u2019un Anniversaire paintball plein de d\u00e9charges d\u2019\u00e9nergie pour f\u00eater l\u2019anniversaire de votre adolescent. rigolades et fous rires au programme\" \/>\n<meta name=\"robots\" content=\"index, follow, max-snippet:-1, max-image-preview:large, max-video-preview:-1\" \/>\n<link rel=\"canonical\" href=\"https:\/\/nolimit-aventure.com\/nemours\/nos-formules\/anniversaire-paintball\/\" \/>\n<meta property=\"og:locale\" content=\"fr_FR\" \/>\n<meta property=\"og:type\" content=\"article\" \/>\n<meta property=\"og:title\" content=\"Anniversaire Paintball - NoLimit Aventure Nemours\" \/>\n<meta property=\"og:description\" content=\"Rien de tel qu\u2019un Anniversaire paintball plein de d\u00e9charges d\u2019\u00e9nergie pour f\u00eater l\u2019anniversaire de votre adolescent. rigolades et fous rires au programme\" \/>\n<meta property=\"og:url\" content=\"https:\/\/nolimit-aventure.com\/nemours\/nos-formules\/anniversaire-paintball\/\" \/>\n<meta property=\"og:site_name\" content=\"NoLimit Aventure Nemours\" \/>\n<meta property=\"article:modified_time\" content=\"2024-05-10T15:17:58+00:00\" \/>\n<meta property=\"og:image\" content=\"https:\/\/nolimit-aventure.com\/nemours\/wp-content\/uploads\/2024\/01\/Multi-activites-5.jpg\" \/>\n\t<meta property=\"og:image:width\" content=\"867\" \/>\n\t<meta property=\"og:image:height\" content=\"437\" \/>\n\t<meta property=\"og:image:type\" content=\"image\/jpeg\" \/>\n<meta name=\"twitter:card\" content=\"summary_large_image\" \/>\n<meta name=\"twitter:label1\" content=\"Dur\u00e9e de lecture estim\u00e9e\" \/>\n\t<meta name=\"twitter:data1\" content=\"3 minutes\" \/>\n<script type=\"application\/ld+json\" class=\"yoast-schema-graph\">{\"@context\":\"https:\\\/\\\/schema.org\",\"@graph\":[{\"@type\":\"WebPage\",\"@id\":\"https:\\\/\\\/nolimit-aventure.com\\\/nemours\\\/nos-formules\\\/anniversaire-paintball\\\/\",\"url\":\"https:\\\/\\\/nolimit-aventure.com\\\/nemours\\\/nos-formules\\\/anniversaire-paintball\\\/\",\"name\":\"Anniversaire Paintball - NoLimit Aventure Nemours\",\"isPartOf\":{\"@id\":\"https:\\\/\\\/nolimit-aventure.com\\\/nemours\\\/#website\"},\"primaryImageOfPage\":{\"@id\":\"https:\\\/\\\/nolimit-aventure.com\\\/nemours\\\/nos-formules\\\/anniversaire-paintball\\\/#primaryimage\"},\"image\":{\"@id\":\"https:\\\/\\\/nolimit-aventure.com\\\/nemours\\\/nos-formules\\\/anniversaire-paintball\\\/#primaryimage\"},\"thumbnailUrl\":\"https:\\\/\\\/nolimit-aventure.com\\\/nemours\\\/wp-content\\\/uploads\\\/2024\\\/01\\\/Multi-activites-5.jpg\",\"datePublished\":\"2017-05-05T09:35:12+00:00\",\"dateModified\":\"2024-05-10T15:17:58+00:00\",\"description\":\"Rien de tel qu\u2019un Anniversaire paintball plein de d\u00e9charges d\u2019\u00e9nergie pour f\u00eater l\u2019anniversaire de votre adolescent. rigolades et fous rires au programme\",\"breadcrumb\":{\"@id\":\"https:\\\/\\\/nolimit-aventure.com\\\/nemours\\\/nos-formules\\\/anniversaire-paintball\\\/#breadcrumb\"},\"inLanguage\":\"fr-FR\",\"potentialAction\":[{\"@type\":\"ReadAction\",\"target\":[\"https:\\\/\\\/nolimit-aventure.com\\\/nemours\\\/nos-formules\\\/anniversaire-paintball\\\/\"]}]},{\"@type\":\"ImageObject\",\"inLanguage\":\"fr-FR\",\"@id\":\"https:\\\/\\\/nolimit-aventure.com\\\/nemours\\\/nos-formules\\\/anniversaire-paintball\\\/#primaryimage\",\"url\":\"https:\\\/\\\/nolimit-aventure.com\\\/nemours\\\/wp-content\\\/uploads\\\/2024\\\/01\\\/Multi-activites-5.jpg\",\"contentUrl\":\"https:\\\/\\\/nolimit-aventure.com\\\/nemours\\\/wp-content\\\/uploads\\\/2024\\\/01\\\/Multi-activites-5.jpg\",\"width\":867,\"height\":437,\"caption\":\"Anniversaire paintball\"},{\"@type\":\"BreadcrumbList\",\"@id\":\"https:\\\/\\\/nolimit-aventure.com\\\/nemours\\\/nos-formules\\\/anniversaire-paintball\\\/#breadcrumb\",\"itemListElement\":[{\"@type\":\"ListItem\",\"position\":1,\"name\":\"Accueil\",\"item\":\"https:\\\/\\\/nolimit-aventure.com\\\/nemours\\\/\"},{\"@type\":\"ListItem\",\"position\":2,\"name\":\"Formules\",\"item\":\"https:\\\/\\\/nolimit-aventure.com\\\/nemours\\\/nos-formules\\\/\"},{\"@type\":\"ListItem\",\"position\":3,\"name\":\"Anniversaire Paintball\"}]},{\"@type\":\"WebSite\",\"@id\":\"https:\\\/\\\/nolimit-aventure.com\\\/nemours\\\/#website\",\"url\":\"https:\\\/\\\/nolimit-aventure.com\\\/nemours\\\/\",\"name\":\"NoLimit Aventure Nemours\",\"description\":\"\",\"potentialAction\":[{\"@type\":\"SearchAction\",\"target\":{\"@type\":\"EntryPoint\",\"urlTemplate\":\"https:\\\/\\\/nolimit-aventure.com\\\/nemours\\\/?s={search_term_string}\"},\"query-input\":{\"@type\":\"PropertyValueSpecification\",\"valueRequired\":true,\"valueName\":\"search_term_string\"}}],\"inLanguage\":\"fr-FR\"}]}<\/script>\n<!-- \/ Yoast SEO plugin. -->","yoast_head_json":{"title":"Anniversaire Paintball - NoLimit Aventure Nemours","description":"Rien de tel qu\u2019un Anniversaire paintball plein de d\u00e9charges d\u2019\u00e9nergie pour f\u00eater l\u2019anniversaire de votre adolescent. rigolades et fous rires au programme","robots":{"index":"index","follow":"follow","max-snippet":"max-snippet:-1","max-image-preview":"max-image-preview:large","max-video-preview":"max-video-preview:-1"},"canonical":"https:\/\/nolimit-aventure.com\/nemours\/nos-formules\/anniversaire-paintball\/","og_locale":"fr_FR","og_type":"article","og_title":"Anniversaire Paintball - NoLimit Aventure Nemours","og_description":"Rien de tel qu\u2019un Anniversaire paintball plein de d\u00e9charges d\u2019\u00e9nergie pour f\u00eater l\u2019anniversaire de votre adolescent. rigolades et fous rires au programme","og_url":"https:\/\/nolimit-aventure.com\/nemours\/nos-formules\/anniversaire-paintball\/","og_site_name":"NoLimit Aventure Nemours","article_modified_time":"2024-05-10T15:17:58+00:00","og_image":[{"width":867,"height":437,"url":"https:\/\/nolimit-aventure.com\/nemours\/wp-content\/uploads\/2024\/01\/Multi-activites-5.jpg","type":"image\/jpeg"}],"twitter_card":"summary_large_image","twitter_misc":{"Dur\u00e9e de lecture estim\u00e9e":"3 minutes"},"schema":{"@context":"https:\/\/schema.org","@graph":[{"@type":"WebPage","@id":"https:\/\/nolimit-aventure.com\/nemours\/nos-formules\/anniversaire-paintball\/","url":"https:\/\/nolimit-aventure.com\/nemours\/nos-formules\/anniversaire-paintball\/","name":"Anniversaire Paintball - NoLimit Aventure Nemours","isPartOf":{"@id":"https:\/\/nolimit-aventure.com\/nemours\/#website"},"primaryImageOfPage":{"@id":"https:\/\/nolimit-aventure.com\/nemours\/nos-formules\/anniversaire-paintball\/#primaryimage"},"image":{"@id":"https:\/\/nolimit-aventure.com\/nemours\/nos-formules\/anniversaire-paintball\/#primaryimage"},"thumbnailUrl":"https:\/\/nolimit-aventure.com\/nemours\/wp-content\/uploads\/2024\/01\/Multi-activites-5.jpg","datePublished":"2017-05-05T09:35:12+00:00","dateModified":"2024-05-10T15:17:58+00:00","description":"Rien de tel qu\u2019un Anniversaire paintball plein de d\u00e9charges d\u2019\u00e9nergie pour f\u00eater l\u2019anniversaire de votre adolescent. rigolades et fous rires au programme","breadcrumb":{"@id":"https:\/\/nolimit-aventure.com\/nemours\/nos-formules\/anniversaire-paintball\/#breadcrumb"},"inLanguage":"fr-FR","potentialAction":[{"@type":"ReadAction","target":["https:\/\/nolimit-aventure.com\/nemours\/nos-formules\/anniversaire-paintball\/"]}]},{"@type":"ImageObject","inLanguage":"fr-FR","@id":"https:\/\/nolimit-aventure.com\/nemours\/nos-formules\/anniversaire-paintball\/#primaryimage","url":"https:\/\/nolimit-aventure.com\/nemours\/wp-content\/uploads\/2024\/01\/Multi-activites-5.jpg","contentUrl":"https:\/\/nolimit-aventure.com\/nemours\/wp-content\/uploads\/2024\/01\/Multi-activites-5.jpg","width":867,"height":437,"caption":"Anniversaire paintball"},{"@type":"BreadcrumbList","@id":"https:\/\/nolimit-aventure.com\/nemours\/nos-formules\/anniversaire-paintball\/#breadcrumb","itemListElement":[{"@type":"ListItem","position":1,"name":"Accueil","item":"https:\/\/nolimit-aventure.com\/nemours\/"},{"@type":"ListItem","position":2,"name":"Formules","item":"https:\/\/nolimit-aventure.com\/nemours\/nos-formules\/"},{"@type":"ListItem","position":3,"name":"Anniversaire Paintball"}]},{"@type":"WebSite","@id":"https:\/\/nolimit-aventure.com\/nemours\/#website","url":"https:\/\/nolimit-aventure.com\/nemours\/","name":"NoLimit Aventure Nemours","description":"","potentialAction":[{"@type":"SearchAction","target":{"@type":"EntryPoint","urlTemplate":"https:\/\/nolimit-aventure.com\/nemours\/?s={search_term_string}"},"query-input":{"@type":"PropertyValueSpecification","valueRequired":true,"valueName":"search_term_string"}}],"inLanguage":"fr-FR"}]}},"_links":{"self":[{"href":"https:\/\/nolimit-aventure.com\/nemours\/wp-json\/wp\/v2\/pages\/2026","targetHints":{"allow":["GET"]}}],"collection":[{"href":"https:\/\/nolimit-aventure.com\/nemours\/wp-json\/wp\/v2\/pages"}],"about":[{"href":"https:\/\/nolimit-aventure.com\/nemours\/wp-json\/wp\/v2\/types\/page"}],"author":[{"embeddable":true,"href":"https:\/\/nolimit-aventure.com\/nemours\/wp-json\/wp\/v2\/users\/2"}],"replies":[{"embeddable":true,"href":"https:\/\/nolimit-aventure.com\/nemours\/wp-json\/wp\/v2\/comments?post=2026"}],"version-history":[{"count":47,"href":"https:\/\/nolimit-aventure.com\/nemours\/wp-json\/wp\/v2\/pages\/2026\/revisions"}],"predecessor-version":[{"id":8679,"href":"https:\/\/nolimit-aventure.com\/nemours\/wp-json\/wp\/v2\/pages\/2026\/revisions\/8679"}],"up":[{"embeddable":true,"href":"https:\/\/nolimit-aventure.com\/nemours\/wp-json\/wp\/v2\/pages\/22"}],"wp:featuredmedia":[{"embeddable":true,"href":"https:\/\/nolimit-aventure.com\/nemours\/wp-json\/wp\/v2\/media\/8415"}],"wp:attachment":[{"href":"https:\/\/nolimit-aventure.com\/nemours\/wp-json\/wp\/v2\/media?parent=2026"}],"curies":[{"name":"wp","href":"https:\/\/api.w.org\/{rel}","templated":true}]}}